{"id":125,"date":"2015-12-22T14:38:58","date_gmt":"2015-12-22T13:38:58","guid":{"rendered":"http:\/\/www.egimer.fr\/?page_id=125"},"modified":"2016-06-27T13:48:15","modified_gmt":"2016-06-27T12:48:15","slug":"developpement-durable","status":"publish","type":"page","link":"https:\/\/www.egimer.fr\/index.php\/developpement-durable\/","title":{"rendered":"D\u00e9veloppement durable"},"content":{"rendered":"<p>[et_pb_section admin_label=\u00a0\u00bbSection\u00a0\u00bb fullwidth=\u00a0\u00bbon\u00a0\u00bb specialty=\u00a0\u00bboff\u00a0\u00bb background_image=\u00a0\u00bbhttp:\/\/www.egimer.fr\/wp-content\/uploads\/2015\/12\/Developpement-durable-mer.jpg\u00a0\u00bb transparent_background=\u00a0\u00bboff\u00a0\u00bb allow_player_pause=\u00a0\u00bboff\u00a0\u00bb inner_shadow=\u00a0\u00bboff\u00a0\u00bb parallax=\u00a0\u00bbon\u00a0\u00bb parallax_method=\u00a0\u00bboff\u00a0\u00bb padding_mobile=\u00a0\u00bboff\u00a0\u00bb make_fullwidth=\u00a0\u00bboff\u00a0\u00bb use_custom_width=\u00a0\u00bboff\u00a0\u00bb width_unit=\u00a0\u00bbon\u00a0\u00bb make_equal=\u00a0\u00bboff\u00a0\u00bb use_custom_gutter=\u00a0\u00bboff\u00a0\u00bb custom_css_main_element=\u00a0\u00bbheight:150px\u00a0\u00bb][\/et_pb_section][et_pb_section admin_label=\u00a0\u00bbsection\u00a0\u00bb][et_pb_row admin_label=\u00a0\u00bbrow\u00a0\u00bb][et_pb_column type=\u00a0\u00bb4_4&Prime;][et_pb_text admin_label=\u00a0\u00bbTexte\u00a0\u00bb background_layout=\u00a0\u00bblight\u00a0\u00bb text_orientation=\u00a0\u00bbleft\u00a0\u00bb use_border_color=\u00a0\u00bboff\u00a0\u00bb border_color=\u00a0\u00bb#ffffff\u00a0\u00bb border_style=\u00a0\u00bbsolid\u00a0\u00bb]<\/p>\n<h1>Notre d\u00e9marche d\u00e9veloppement durable<\/h1>\n<p>Soucieux des questions relatives au <strong>D\u00e9veloppement Durable<\/strong>, nous travaillons\u00a0au quotidien pour <strong>r\u00e9duire l\u2019impact<\/strong> de nos\u00a0activit\u00e9s sur l\u2019environnement, favoriser l\u2019<strong>\u00e9conomie locale <\/strong>et <strong>impliquer ses collaborateurs<\/strong> \u00e0 tous les niveaux. Nous nous engageons dans une d\u00e9marche <strong>responsable et durable<\/strong> pour soutenir la p\u00eache fran\u00e7aise\u00a0et r\u00e9pondre aux attentes des consommateurs.<\/p>\n<p>[\/et_pb_text][et_pb_toggle admin_label=\u00a0\u00bbBascule\u00a0\u00bb title=\u00a0\u00bbVOLET SOCIAL\u00a0\u00bb open=\u00a0\u00bboff\u00a0\u00bb use_border_color=\u00a0\u00bboff\u00a0\u00bb border_color=\u00a0\u00bb#ffffff\u00a0\u00bb border_style=\u00a0\u00bbsolid\u00a0\u00bb]<\/p>\n<ul>\n<li>\n<h4><strong>En interne\u00a0:<\/strong><\/h4>\n<\/li>\n<\/ul>\n<p>La soci\u00e9t\u00e9 Mag-Fruits a \u00e9t\u00e9 cr\u00e9\u00e9e en 1986 par M. Gilles. Depuis 30 ans, l\u2019entreprise a su garder son <strong>esprit familial<\/strong> \u00e0 travers ses \u00e9volutions\u00a0: de fortes <strong>valeurs humaines<\/strong> unissent les \u00e9quipes au quotidien. Pour faire perdurer ces <strong>valeurs<\/strong> au sein des diff\u00e9rentes entreprises du groupe, de nombreux \u00e9v\u00e8nements sont organis\u00e9es pour se r\u00e9unir\u00a0: buffets, r\u00e9union inter-sites, voyage de fin d\u2019ann\u00e9e\u2026<\/p>\n<p>Nous rassemblons \u00a0ainsi r\u00e9guli\u00e8rement les \u00e9quipes des diff\u00e9rents sites afin de garantir une bonne <strong>coh\u00e9sion d\u2019\u00e9quipe<\/strong>.<\/p>\n<p>Des <strong>formations<\/strong> sont \u00e9galement organis\u00e9es afin d\u2019<strong>entretenir<\/strong> et d\u2019<strong>am\u00e9liorer<\/strong> les <strong>comp\u00e9tences<\/strong> de l\u2019ensemble des collaborateurs.<\/p>\n<p><strong>\u00a0<\/strong><\/p>\n<p>&nbsp;<\/p>\n<ul>\n<li>\n<h4><strong>Soutien aux associations sportives\u00a0:<\/strong><\/h4>\n<\/li>\n<\/ul>\n<p>Soutenir notre <strong>implantation locale<\/strong> c\u2019est aussi soutenir les associations qui nous entourent. Depuis de nombreuses ann\u00e9es, le dirigeant, M. Gilles, apporte un <strong>int\u00e9r\u00eat particulier<\/strong> \u00e0 soutenir le sport au niveau local. C\u2019est pourquoi nous soutenons sur chaque site des <strong>\u00e9v\u00e8nements sportifs<\/strong> occasionnels ainsi que des \u00e9quipes comme le basket de Bourges\u00a0et\u00a0le Stade Rochelais. C\u2019est aussi l\u2019occasion d\u2019<strong>entretenir les liens <\/strong>\u00e0 travers les diff\u00e9rentes rencontres.<\/p>\n<p><strong>\u00a0<\/strong><\/p>\n<p>&nbsp;<\/p>\n<ul>\n<li>\n<h4><strong>Soutien de projets locaux\u00a0:<\/strong><\/h4>\n<\/li>\n<\/ul>\n<p>En plus des soutiens sportifs, nous contribuons \u00e0 diff\u00e9rents <strong>\u00e9v\u00e8nements culturels<\/strong> comme le Printemps de Bourges et les Francofolies.<\/p>\n<p>La <strong>solidarit\u00e9 <\/strong>est une des <strong>valeurs fondamentales<\/strong> de notre groupe. Nous participons activement \u00e0 des \u00e9v\u00e8nements comme les Virades de l\u2019Espoir ou le T\u00e9l\u00e9thon.<\/p>\n<p>[\/et_pb_toggle][et_pb_toggle admin_label=\u00a0\u00bbBascule\u00a0\u00bb title=\u00a0\u00bbVOLET ECONOMIQUE\u00a0\u00bb open=\u00a0\u00bboff\u00a0\u00bb use_border_color=\u00a0\u00bboff\u00a0\u00bb border_color=\u00a0\u00bb#ffffff\u00a0\u00bb border_style=\u00a0\u00bbsolid\u00a0\u00bb]<\/p>\n<ul>\n<li>\n<h4><strong>Une politique d\u2019achat privil\u00e9giant le local<\/strong><\/h4>\n<\/li>\n<\/ul>\n<p>La <strong>proximit\u00e9<\/strong> est une valeur phare de l\u2019entreprise. En effet, M. Gilles a toujours souhait\u00e9 <strong>d\u00e9velopper<\/strong> le tissu \u00e9conomique local. Cette ambition s\u2019exprime \u00e9galement dans l\u2019approvisionnement puisque les mots d\u2019ordres sont\u00a0la <strong>proximit\u00e9<\/strong>, la <strong>fra\u00eecheur<\/strong> et le <strong>choix<\/strong>.<\/p>\n<p>Nous organisons alors notre approvisionnement en <strong>favorisant <\/strong>les produits fran\u00e7ais. S\u2019ils ne sont pas disponibles en France, nous \u00e9largissons alors notre zone g\u00e9ographique jusqu\u2019\u00e0 trouver le produit recherch\u00e9.<\/p>\n<p>Cela nous permet d\u2019assurer un <strong>produit de qualit\u00e9<\/strong> tout en participant au d\u00e9veloppement \u00e9conomique de notre r\u00e9gion. De plus, la proximit\u00e9 permet une diminution de l\u2019\u00e9mission de CO2 et contribue alors \u00e0 la <strong>pr\u00e9servation de l\u2019environnement<\/strong>.<\/p>\n<p><strong>\u00a0<\/strong><\/p>\n<p>&nbsp;<\/p>\n<ul>\n<li>\n<h4><strong>D\u00e9marche\u00a0Bonne P\u00eache<\/strong><\/h4>\n<\/li>\n<\/ul>\n<p>Investi dans une d\u00e9marche d\u2019approvisionnement r\u00e9gional et de la p\u00eache raisonn\u00e9e via son adh\u00e9sion \u00e0 la SCIC Fili\u00e8re P\u00eache La Rochelle, l\u2019engagement BONNE PECHE s\u2019est impos\u00e9 comme une \u00e9vidence pour la soci\u00e9t\u00e9 EGIMER.<\/p>\n<blockquote><p>\u00ab Nous approvisionner en local est avant tout pour nous un moyen de garantir toujours plus la qualit\u00e9, la fra\u00eecheur et la tra\u00e7abilit\u00e9. Nous r\u00e9pondons ainsi \u00e0 une demande croissante des consommateurs tout en dynamisant notre \u00e9conomie locale. En effet, cette d\u00e9marche s\u2019inscrit dans notre volont\u00e9 de mettre en avant et d\u2019optimiser au mieux notre emplacement dans le bassin Rochelais et Royannais, \u00e0 proximit\u00e9 des principales cri\u00e9es de l\u2019Ouest de la France. En d\u00e9cidant de nous approvisionner en local, nous veillons au maintien des producteurs\/p\u00eacheurs au port de p\u00eache de La Rochelle et ainsi au d\u00e9veloppement local. \u00bb<\/p><\/blockquote>\n<p>&nbsp;<\/p>\n<p>[\/et_pb_toggle][et_pb_toggle admin_label=\u00a0\u00bbBascule\u00a0\u00bb title=\u00a0\u00bbVOLET ENVIRONNEMENTAL\u00a0\u00bb open=\u00a0\u00bboff\u00a0\u00bb use_border_color=\u00a0\u00bboff\u00a0\u00bb border_color=\u00a0\u00bb#ffffff\u00a0\u00bb border_style=\u00a0\u00bbsolid\u00a0\u00bb]<\/p>\n<ul>\n<li>\n<h4><strong>P\u00eache durable<\/strong><\/h4>\n<\/li>\n<\/ul>\n<p>L\u2019engagement d\u2019Egimer et son <strong>adh\u00e9sion \u00e0 la d\u00e9marche Bonne p\u00eache<\/strong>, s\u2019inscrit dans une volont\u00e9 de diminution de nos impacts sur l\u2019environnement. En choisissant de nous approvisionner au national et en favorisant les circuits courts, nous diminuons les transports de marchandise n\u00e9fastes pour l\u2019environnement. Cette politique bien ancr\u00e9e chez Egimer est \u00e9galement un moyen pour nous d\u2019<strong>agir et de faire vivre l\u2019\u00e9conomie locale<\/strong>.<\/p>\n<p>&nbsp;<\/p>\n<p>&nbsp;<\/p>\n<ul>\n<li>\n<h4><strong>Lutte contre le gaspillage alimentaire\u00a0:<\/strong><\/h4>\n<\/li>\n<\/ul>\n<p>Le <strong>respect de l\u2019environnement<\/strong> est au c\u0153ur des <strong>priorit\u00e9s<\/strong> du groupe. Celui-ci passe, entre autres par la <strong>lutte contre le gaspillage alimentaire<\/strong>. Pour ce faire, nous effectuons des <strong>animations<\/strong> dans les restaurants scolaires afin de sensibiliser les plus jeunes au gaspillage et nous <strong>adaptons les grammages<\/strong> au public vis\u00e9. Nous suivons \u00e9galement nos <strong>consommations d\u2019eau et d\u2019\u00e9nergies<\/strong> dans notre certification ISO ce qui nous permet de mettre en place des plans d\u2019actions visant \u00e0 limiter nos besoins en \u00e9nergies.<\/p>\n<p>Enfin lorsque toutefois un produit est en DLC courte et risque de se perdre, nous le d\u00e9livrons \u00e0 la <strong>banque alimentaire<\/strong>.<\/p>\n<p><strong>\u00a0<\/strong><\/p>\n<p>&nbsp;<\/p>\n<ul>\n<li>\n<h4><strong>Une logistique optimis\u00e9e<\/strong><\/h4>\n<\/li>\n<\/ul>\n<p>Notre<strong> logistique est int\u00e9gr\u00e9e\u00a0<\/strong>ce qui nous permet d\u2019<strong>optimiser notre logistique <\/strong>en fonction <strong>des besoins<\/strong> et des <strong>requ\u00eates\u00a0 des clients<\/strong>. Cette volont\u00e9 d\u2019assurer le transport est un <strong>gage de qualit\u00e9 <\/strong>pour notre client et nous permet de <strong>maitriser<\/strong> l\u2019ensemble de la chaine logistique.<\/p>\n<ul>\n<li><strong>Formation \u00e9co-conduite\u00a0<\/strong>: nos chauffeurs sont form\u00e9s \u00e0 l\u2019\u00e9co-conduite. Cette formation leur permet d\u2019adopter une conduite \u00e9conomique et durable dans le but notamment de diminuer l\u2019impact sur l\u2019environnement.<\/li>\n<li><strong>G\u00e9olocalisation des camions\u00a0<\/strong>: le syst\u00e8me de g\u00e9olocalisation des v\u00e9hicules de livraison permet d\u2019organiser au mieux les tourn\u00e9es en fonction des donn\u00e9es statistiques d\u00e9livr\u00e9es.<\/li>\n<li><strong>Syst\u00e8me Ad\u2019Blue\u00a0: <\/strong>Ce syst\u00e8me consiste, en une solution d\u2019ur\u00e9e stock\u00e9e dans un r\u00e9servoir diff\u00e9rent de celui du gazole, \u00e0 <strong>convertir 85% des oxydes d\u2019azote<\/strong> contenus dans les gaz d\u2019\u00e9chappement<strong>, en azote et en vapeur d\u2019eau<\/strong>. Ce syst\u00e8me <strong>diminue <\/strong>par cons\u00e9quent <strong>les \u00e9missions d\u2019oxydes d\u2019azote<\/strong>.<\/li>\n<\/ul>\n<p>Nous recommandons aux \u00e9tablissements d\u2019\u00e9mettre leur commande le plus t\u00f4t possible afin d\u2019<strong>optimiser les circuits de livraison<\/strong>, de <strong>limiter<\/strong> le nombre de livraison au strict n\u00e9cessaire et d\u2019<strong>\u00e9largir <\/strong>le plus possible <strong>les plages horaires<\/strong> de livraison dans la journ\u00e9e de fa\u00e7on \u00e0 <strong>fluidifier la circulation<\/strong> dans les agglom\u00e9rations.<\/p>\n<p><strong>Contribuer \u00e0 la pr\u00e9servation de la plan\u00e8te en r\u00e9duisant nos \u00e9missions de gaz \u00e0 effet de serre est l\u2019un de nos objectifs.<\/strong><\/p>\n<p><strong>\u00a0<\/strong><\/p>\n<p>&nbsp;<\/p>\n<ul>\n<li>\n<h4><strong>Gestion des d\u00e9chets et des emballages<\/strong><\/h4>\n<\/li>\n<\/ul>\n<p>Tous les bureaux sont \u00e9quip\u00e9s de box en carton pour r\u00e9cup\u00e9rer les feuilles de papier non r\u00e9utilisables. Ces box sont collect\u00e9s par une entreprise de r\u00e9insertion qui recycle le papier.<\/p>\n<p>Les cartouches sont \u00e9galement r\u00e9cup\u00e9r\u00e9es et recycl\u00e9es ainsi que les piles et les composants \u00e9lectroniques (D3E).<\/p>\n<p>En entrep\u00f4t, nous <strong>optimisons<\/strong> les emballages et la gestion des d\u00e9chets avec par exemple, le recyclage des palettes. Nous voulons vous faire b\u00e9n\u00e9ficier de notre syst\u00e8me de <strong>tri des d\u00e9chets<\/strong> et de <strong>r\u00e9cup\u00e9ration<\/strong> des emballages utilis\u00e9s. Les cagettes, colis cartons et palettes pourront \u00eatre repris le jour m\u00eame ou sur la livraison suivante selon la demande de l\u2019\u00e9tablissement.<\/p>\n<p>Nous nous <strong>engageons<\/strong> dans une d\u00e9marche \u00ab\u00a0bas\u00a0\u00bb carbone (<strong>\u00e9conomies d\u2019\u00e9nergies, optimiser les livraisons, \u00e9conomies de consommable, \u2026<\/strong>) \u00e0 utiliser le plus possible des <strong>emballages durables, r\u00e9utilisable ou recyclables et adapt\u00e9s<\/strong> \u00e0 la restauration collectivit\u00e9 et \u00e0 limiter le suremballage.<\/p>\n<p>&nbsp;<\/p>\n<p>&nbsp;<\/p>\n<ul>\n<li>\n<h4><strong>Sensibilisation aux diff\u00e9rentes saisons<\/strong><\/h4>\n<\/li>\n<\/ul>\n<p>Le <strong>respect des saisons<\/strong> est un \u00e9l\u00e9ment essentiel pour une d\u00e9marche durable. De par notre <strong>ancrage local fort<\/strong>, il est d\u2019autant plus important d\u2019assurer \u00e0 nos clients une vue d\u2019ensemble sur les produits de saisons. C\u2019est pourquoi nous sensibilisons nos clients aux <strong>saisonnalit\u00e9s des produits<\/strong> par diff\u00e9rentes actions. Par exemple, nous \u00e9ditons chaque ann\u00e9e sur nos calendriers et nos agendas, les <strong>produits de la mer<\/strong>\u00a0disponibles chaque mois.<strong>\u00a0<\/strong><\/p>\n<p>&nbsp;<\/p>\n<p>&nbsp;<\/p>\n<ul>\n<li>\n<h4><strong>R\u00e9duction des impressions<\/strong><\/h4>\n<\/li>\n<\/ul>\n<p>Les impressions sont faites sur du <strong>papier recycl\u00e9<\/strong>. Une d\u00e9marche a \u00e9t\u00e9 mise en place afin de diminuer au maximum les sorties papier. De plus, les imprimantes sont <strong>param\u00e9tr\u00e9es<\/strong> par d\u00e9faut pour effectuer des impressions <strong>recto\/verso<\/strong> en <strong>noir et blanc<\/strong>.<\/p>\n<p>&nbsp;<\/p>\n<p>&nbsp;<\/p>\n<ul>\n<li>\n<h4><strong>Poste Verte<\/strong><\/h4>\n<\/li>\n<\/ul>\n<p>Nous envoyons l\u2019ensemble de nos lettres avec un <strong>timbre vert<\/strong>. Ce timbre permet de garantir des moyens d\u2019acheminement autres que l\u2019avion et ainsi contribuer \u00e0 la baisse de <strong>15%<\/strong> d\u2019\u00e9missions de gaz \u00e0 effet de serre tel que le CO2 ou dioxyde de carbone.<\/p>\n<p>&nbsp;<\/p>\n<p>&nbsp;<\/p>\n<ul>\n<li>\n<h4><strong>Electricit\u00e9 verte<\/strong><\/h4>\n<\/li>\n<\/ul>\n<p>Depuis janvier 2016, nous nous engageons dans une d\u00e9marche durable <strong>en renouvelant 100% de notre consommation \u00e9lectrique<\/strong>.<\/p>\n<p>[\/et_pb_toggle][\/et_pb_column][\/et_pb_row][\/et_pb_section][et_pb_section admin_label=\u00a0\u00bbSection\u00a0\u00bb fullwidth=\u00a0\u00bbon\u00a0\u00bb specialty=\u00a0\u00bboff\u00a0\u00bb background_image=\u00a0\u00bbhttp:\/\/www.egimer.fr\/wp-content\/uploads\/2015\/12\/Developpement-durable-mer.jpg\u00a0\u00bb transparent_background=\u00a0\u00bboff\u00a0\u00bb allow_player_pause=\u00a0\u00bboff\u00a0\u00bb inner_shadow=\u00a0\u00bboff\u00a0\u00bb parallax=\u00a0\u00bbon\u00a0\u00bb parallax_method=\u00a0\u00bboff\u00a0\u00bb padding_mobile=\u00a0\u00bboff\u00a0\u00bb make_fullwidth=\u00a0\u00bboff\u00a0\u00bb use_custom_width=\u00a0\u00bboff\u00a0\u00bb width_unit=\u00a0\u00bbon\u00a0\u00bb make_equal=\u00a0\u00bboff\u00a0\u00bb use_custom_gutter=\u00a0\u00bboff\u00a0\u00bb custom_css_main_element=\u00a0\u00bbheight:150px\u00a0\u00bb][\/et_pb_section]<\/p>\n","protected":false},"excerpt":{"rendered":"<p>[et_pb_section admin_label=\u00a0\u00bbSection\u00a0\u00bb fullwidth=\u00a0\u00bbon\u00a0\u00bb specialty=\u00a0\u00bboff\u00a0\u00bb background_image=\u00a0\u00bbhttp:\/\/www.egimer.fr\/wp-content\/uploads\/2015\/12\/Developpement-durable-mer.jpg\u00a0\u00bb transparent_background=\u00a0\u00bboff\u00a0\u00bb allow_player_pause=\u00a0\u00bboff\u00a0\u00bb inner_shadow=\u00a0\u00bboff\u00a0\u00bb parallax=\u00a0\u00bbon\u00a0\u00bb parallax_method=\u00a0\u00bboff\u00a0\u00bb padding_mobile=\u00a0\u00bboff\u00a0\u00bb make_fullwidth=\u00a0\u00bboff\u00a0\u00bb use_custom_width=\u00a0\u00bboff\u00a0\u00bb width_unit=\u00a0\u00bbon\u00a0\u00bb make_equal=\u00a0\u00bboff\u00a0\u00bb use_custom_gutter=\u00a0\u00bboff\u00a0\u00bb custom_css_main_element=\u00a0\u00bbheight:150px\u00a0\u00bb][\/et_pb_section][et_pb_section admin_label=\u00a0\u00bbsection\u00a0\u00bb][et_pb_row admin_label=\u00a0\u00bbrow\u00a0\u00bb][et_pb_column type=\u00a0\u00bb4_4&Prime;][et_pb_text admin_label=\u00a0\u00bbTexte\u00a0\u00bb background_layout=\u00a0\u00bblight\u00a0\u00bb text_orientation=\u00a0\u00bbleft\u00a0\u00bb use_border_color=\u00a0\u00bboff\u00a0\u00bb border_color=\u00a0\u00bb#ffffff\u00a0\u00bb border_style=\u00a0\u00bbsolid\u00a0\u00bb] Notre d\u00e9marche d\u00e9veloppement durable Soucieux des questions relatives au D\u00e9veloppement Durable, nous travaillons\u00a0au quotidien pour r\u00e9duire l\u2019impact de nos\u00a0activit\u00e9s sur l\u2019environnement, favoriser l\u2019\u00e9conomie locale et impliquer ses collaborateurs \u00e0 [&hellip;]<\/p>\n","protected":false},"author":1,"featured_media":0,"parent":0,"menu_order":0,"comment_status":"closed","ping_status":"closed","template":"","meta":[],"yoast_head":"<!-- This site is optimized with the Yoast SEO plugin v18.6 - https:\/\/yoast.com\/wordpress\/plugins\/seo\/ -->\n<title>D\u00e9marche d\u00e9veloppement durable | Egimer - Au c\u0153ur du frais<\/title>\n<meta name=\"description\" content=\"Egimer travaille au quotidien pour\u00a0r\u00e9duire l\u2019impact\u00a0de ses activit\u00e9s et favoriser l\u2019\u00e9conomie locale \u00e0 travers sa d\u00e9marche D\u00e9veloppement durable.\" \/>\n<meta name=\"robots\" content=\"index, follow, max-snippet:-1, max-image-preview:large, max-video-preview:-1\" \/>\n<link rel=\"canonical\" href=\"https:\/\/www.egimer.fr\/index.php\/developpement-durable\/\" \/>\n<meta property=\"og:locale\" content=\"fr_FR\" \/>\n<meta property=\"og:type\" content=\"article\" \/>\n<meta property=\"og:title\" content=\"D\u00e9marche d\u00e9veloppement durable | Egimer - Au c\u0153ur du frais\" \/>\n<meta property=\"og:description\" content=\"Egimer travaille au quotidien pour\u00a0r\u00e9duire l\u2019impact\u00a0de ses activit\u00e9s et favoriser l\u2019\u00e9conomie locale \u00e0 travers sa d\u00e9marche D\u00e9veloppement durable.\" \/>\n<meta property=\"og:url\" content=\"https:\/\/www.egimer.fr\/index.php\/developpement-durable\/\" \/>\n<meta property=\"og:site_name\" content=\"Egimer\" \/>\n<meta property=\"article:modified_time\" content=\"2016-06-27T12:48:15+00:00\" \/>\n<meta name=\"twitter:card\" content=\"summary\" \/>\n<meta name=\"twitter:label1\" content=\"Dur\u00e9e de lecture estim\u00e9e\" \/>\n\t<meta name=\"twitter:data1\" content=\"8 minutes\" \/>\n<script type=\"application\/ld+json\" class=\"yoast-schema-graph\">{\"@context\":\"https:\/\/schema.org\",\"@graph\":[{\"@type\":\"WebSite\",\"@id\":\"http:\/\/www.egimer.fr\/#website\",\"url\":\"http:\/\/www.egimer.fr\/\",\"name\":\"Egimer\",\"description\":\"Au coeur du frais\",\"potentialAction\":[{\"@type\":\"SearchAction\",\"target\":{\"@type\":\"EntryPoint\",\"urlTemplate\":\"http:\/\/www.egimer.fr\/?s={search_term_string}\"},\"query-input\":\"required name=search_term_string\"}],\"inLanguage\":\"fr-FR\"},{\"@type\":\"WebPage\",\"@id\":\"https:\/\/www.egimer.fr\/index.php\/developpement-durable\/#webpage\",\"url\":\"https:\/\/www.egimer.fr\/index.php\/developpement-durable\/\",\"name\":\"D\u00e9marche d\u00e9veloppement durable | Egimer - Au c\u0153ur du frais\",\"isPartOf\":{\"@id\":\"http:\/\/www.egimer.fr\/#website\"},\"datePublished\":\"2015-12-22T13:38:58+00:00\",\"dateModified\":\"2016-06-27T12:48:15+00:00\",\"description\":\"Egimer travaille au quotidien pour\u00a0r\u00e9duire l\u2019impact\u00a0de ses activit\u00e9s et favoriser l\u2019\u00e9conomie locale \u00e0 travers sa d\u00e9marche D\u00e9veloppement durable.\",\"breadcrumb\":{\"@id\":\"https:\/\/www.egimer.fr\/index.php\/developpement-durable\/#breadcrumb\"},\"inLanguage\":\"fr-FR\",\"potentialAction\":[{\"@type\":\"ReadAction\",\"target\":[\"https:\/\/www.egimer.fr\/index.php\/developpement-durable\/\"]}]},{\"@type\":\"BreadcrumbList\",\"@id\":\"https:\/\/www.egimer.fr\/index.php\/developpement-durable\/#breadcrumb\",\"itemListElement\":[{\"@type\":\"ListItem\",\"position\":1,\"name\":\"Accueil\",\"item\":\"http:\/\/www.egimer.fr\/\"},{\"@type\":\"ListItem\",\"position\":2,\"name\":\"D\u00e9veloppement durable\"}]}]}<\/script>\n<!-- \/ Yoast SEO plugin. -->","yoast_head_json":{"title":"D\u00e9marche d\u00e9veloppement durable | Egimer - Au c\u0153ur du frais","description":"Egimer travaille au quotidien pour\u00a0r\u00e9duire l\u2019impact\u00a0de ses activit\u00e9s et favoriser l\u2019\u00e9conomie locale \u00e0 travers sa d\u00e9marche D\u00e9veloppement durable.","robots":{"index":"index","follow":"follow","max-snippet":"max-snippet:-1","max-image-preview":"max-image-preview:large","max-video-preview":"max-video-preview:-1"},"canonical":"https:\/\/www.egimer.fr\/index.php\/developpement-durable\/","og_locale":"fr_FR","og_type":"article","og_title":"D\u00e9marche d\u00e9veloppement durable | Egimer - Au c\u0153ur du frais","og_description":"Egimer travaille au quotidien pour\u00a0r\u00e9duire l\u2019impact\u00a0de ses activit\u00e9s et favoriser l\u2019\u00e9conomie locale \u00e0 travers sa d\u00e9marche D\u00e9veloppement durable.","og_url":"https:\/\/www.egimer.fr\/index.php\/developpement-durable\/","og_site_name":"Egimer","article_modified_time":"2016-06-27T12:48:15+00:00","twitter_card":"summary","twitter_misc":{"Dur\u00e9e de lecture estim\u00e9e":"8 minutes"},"schema":{"@context":"https:\/\/schema.org","@graph":[{"@type":"WebSite","@id":"http:\/\/www.egimer.fr\/#website","url":"http:\/\/www.egimer.fr\/","name":"Egimer","description":"Au coeur du frais","potentialAction":[{"@type":"SearchAction","target":{"@type":"EntryPoint","urlTemplate":"http:\/\/www.egimer.fr\/?s={search_term_string}"},"query-input":"required name=search_term_string"}],"inLanguage":"fr-FR"},{"@type":"WebPage","@id":"https:\/\/www.egimer.fr\/index.php\/developpement-durable\/#webpage","url":"https:\/\/www.egimer.fr\/index.php\/developpement-durable\/","name":"D\u00e9marche d\u00e9veloppement durable | Egimer - Au c\u0153ur du frais","isPartOf":{"@id":"http:\/\/www.egimer.fr\/#website"},"datePublished":"2015-12-22T13:38:58+00:00","dateModified":"2016-06-27T12:48:15+00:00","description":"Egimer travaille au quotidien pour\u00a0r\u00e9duire l\u2019impact\u00a0de ses activit\u00e9s et favoriser l\u2019\u00e9conomie locale \u00e0 travers sa d\u00e9marche D\u00e9veloppement durable.","breadcrumb":{"@id":"https:\/\/www.egimer.fr\/index.php\/developpement-durable\/#breadcrumb"},"inLanguage":"fr-FR","potentialAction":[{"@type":"ReadAction","target":["https:\/\/www.egimer.fr\/index.php\/developpement-durable\/"]}]},{"@type":"BreadcrumbList","@id":"https:\/\/www.egimer.fr\/index.php\/developpement-durable\/#breadcrumb","itemListElement":[{"@type":"ListItem","position":1,"name":"Accueil","item":"http:\/\/www.egimer.fr\/"},{"@type":"ListItem","position":2,"name":"D\u00e9veloppement durable"}]}]}},"_links":{"self":[{"href":"https:\/\/www.egimer.fr\/index.php\/wp-json\/wp\/v2\/pages\/125"}],"collection":[{"href":"https:\/\/www.egimer.fr\/index.php\/wp-json\/wp\/v2\/pages"}],"about":[{"href":"https:\/\/www.egimer.fr\/index.php\/wp-json\/wp\/v2\/types\/page"}],"author":[{"embeddable":true,"href":"https:\/\/www.egimer.fr\/index.php\/wp-json\/wp\/v2\/users\/1"}],"replies":[{"embeddable":true,"href":"https:\/\/www.egimer.fr\/index.php\/wp-json\/wp\/v2\/comments?post=125"}],"version-history":[{"count":10,"href":"https:\/\/www.egimer.fr\/index.php\/wp-json\/wp\/v2\/pages\/125\/revisions"}],"predecessor-version":[{"id":354,"href":"https:\/\/www.egimer.fr\/index.php\/wp-json\/wp\/v2\/pages\/125\/revisions\/354"}],"wp:attachment":[{"href":"https:\/\/www.egimer.fr\/index.php\/wp-json\/wp\/v2\/media?parent=125"}],"curies":[{"name":"wp","href":"https:\/\/api.w.org\/{rel}","templated":true}]}}